) = -3*a(x) - 5*b(x). Calculate u(-2).
15
Let l be 14/(-70) - (1 - (-11)/(-5)). Let m(s) = 2*s + 1. Let y(z) = -z**2 - 5*z - 1. Let t(q) = l*y(q) + 4*m(q). Give t(3).
3
Let j(d) = d + 11. Let q(i) = -i**2 + 2*i - 1. Let m(u) = 8*u**2 - 20*u - 11. Let x(h) = -m(h) - 5*q(h). Let t be x(5). What is j(t)?
2
Let i(v) = 7*v + 7. Let k(m) = -m**2 - 40*m - 225. Let p be k(-7). What is i(p)?
49
Let v(f) = 24*f**2 - 11*f - 11. Let o(g) = 8*g**2 - 4*g - 4. Let i be 8/(-12) - ((-208)/(-6))/(-4). Let t(q) = i*o(q) - 3*v(q). Determine t(-1).
-8
Let p(i) = -i**3 + 4*i**2 - i + 1. Suppose -24*v = -29*v + 260. Let s = v - 48. What is p(s)?
-3
Let c(h) be the first derivative of -19*h**2/2 + h + 151. What is c(1)?
-18
Let b = -14 + 16. Suppose 0 = -f + 4*i - 5, -1 = -0*f + b*f - 5*i. Let a(x) be the first derivative of x**4/4 - 2*x**3 - 7*x**2/2 + 7*x + 2. Give a(f).
7
Let o(z) = 8*z**3 - 9*z**3 + 5*z**2 + 3*z - 2*z - 4*z**2. Suppose -1 = -i - 2. Give o(i).
1
Let y(j) = -j**2 - 6*j + 4. Suppose 5*t + 30 + 2 = 2*m, 2*m - 16 = 3*t. Determine y(t).
-12
Let i(c) = -4*c + 3. Let y be i(2). Let q(j) = -j**2. Let h(s) = 5*s**2 - 3*s + 5. Let l(d) = h(d) + 6*q(d). Determine l(y).
-5
Let z(a) = -a**3 + a**2 + 5. Let n(i) = -3*i**3 + 8*i**2 - 7*i + 16. Let t(o) = -n(o) + 2*z(o). Suppose 4*g = g + 15. What is t(g)?
4
Let i = -5 + 10. Suppose 9*k - 4 = i. Let d(t) = -13*t + 1. Calculate d(k).
-12
Suppose 3*u = -2 + 14. Let y(v) = -5*v**2 + v - 4. Let r(g) = 11*g**2 - g + 9. Let w = 26 - 22. Let d(l) = w*r(l) + 9*y(l). Determine d(u).
4
Suppose 5*u = -5*h - 30, -2*h = -h + 4. Suppose 24 - 14 = 5*m. Let f(w) = -m*w + 2*w + 2*w. Calculate f(u).
-4
Let c(l) = -l**2 - 2*l - 3. Let j(x) = -5*x**2 - 7*x + 1. Let i be j(-2). Determine c(i).
-18
Suppose 0 = 4*o - 2*n - 4, -14 = -2*o - n - 4*n. Let t(y) be the first derivative of 0 - o*y - 1 - 5 + 4 - y**2. Calculate t(-5).
8
Let g(o) = -o**3 + 10*o**2 - 7*o - 7. Let u(a) = -4*a - 19. Let s be u(-7). What is g(s)?
11
Let f(h) be the second derivative of h**4/12 + 5*h**3/6 + 3*h**2/2 + h. Suppose 5*d + 5 + 0 = 0. Let y be 560/(-176) - d/((-11)/(-2)). What is f(y)?
-3
Suppose t = -3 + 2. Let b be 18/8 - t/(-4). Let y(w) = 5*w + 0*w + 1 - b*w + 6. Give y(-5).
-8
Suppose -216*d - 50 = -226*d. Let q(z) = -z**3 + 2*z**2 + 6*z + 3. What is q(d)?
-42
Let f(o) = -1 + 62*o**2 - 2*o**3 - 61*o**2 - 4*o**3. Determine f(-1).
6
Let z(d) = 2*d - d**3 - 4 + 2*d**3 + 2*d + 3*d - 6*d**2. Let f(v) = v**3 - 10*v**2 + 9*v + 4. Let b be f(9). What is z(b)?
-8
Let v(g) = 4*g**3 + g**2. Let q(x) = -9*x**3 - 9*x**2 + 6*x - 17. Let t(j) = q(j) + 2*v(j). Determine t(-8).
-1
Let r(w) = -w**2 - 9*w - 11. Let z be (12 - -3)/(6/22). Let j = z + -63. Give r(j).
-3
Let q(i) be the third derivative of -i**5/20 + 5*i**4/12 + 11*i**3/6 - 28*i**2. Calculate q(-1).
-2
Suppose 0 = m - 3*m + 8. Let g(w) = -2*w - 6 + 1 + 6*w. Calculate g(m).
11
Let v(q) = -q. Suppose 0 = 4*p - 4*f - 1 + 13, 4*f - 12 = 0. Determine v(p).
0
Let q(g) be the second derivative of -13*g - 3*g**2 + 0 - 7/12*g**4 + 0*g**3 - 1/20*g**5. Determine q(-7).
-6
Let y(p) = -p**2 + 3*p + 1. Suppose 2*g + 2 = 6. Suppose i = -4*v + 23, v = -g*i - 0*i + 11. Give y(v).
-9
Let y be -2 + ((-27)/12)/(33/(-88)). Let f(r) = -2*r**2 - 6*r - 5 + 7*r + 6*r. Calculate f(y).
-9
Let a(c) = -c - 12. Suppose 10*p - 8 + 78 = 0. What is a(p)?
-5
Let p(r) = 7*r - 44. Let q(w) = 8*w - 45. Let j(b) = 6*p(b) - 5*q(b). Let l be j(0). Let s = 33 + l. Let m(i) = -i**3 - 7*i**2 - 6*i - 1. What is m(s)?
-1
Suppose 0 = -2*u + 4*m + 28, m + 2*m - 5 = -5*u. Suppose -q - 6 = -u*q. Suppose -5*l = 2*z - 6 - 5, -3*z = q*l. Let g(b) = 2*b - 1. Give g(l).
5
Let c(o) be the first derivative of 7*o**2/2 + 1. Let q be (2/6)/(7/(-21)). What is c(q)?
-7
Let i = 8 - 9. Let y be (2/i + (4 - 3))*4. Let c(m) = -m - 4*m**2 + 0 + 3*m**2 + 3 + 0. Calculate c(y).
-9
Let x(z) = z**3 + 14. Let f be -12*9/48*4. Let g = 7 + f. Let t be g/(-7) + (-6)/21. Give x(t).
14
Let w(v) be the first derivative of -1/4*v**4 + v**2 - 27 + 4*v + 5/3*v**3. Determine w(5).
14
Let o(m) = m**2 + 8*m + 5. Let c = -37 - -46. Suppose 2*x + c + 5 = 0. Determine o(x).
-2
Suppose 100*j - 24 + 16 = -208. Let l(t) = 6*t - 3. Let f(a) = -19*a + 10. Let x be ((-1)/(-2))/(1/4). Let k(u) = x*f(u) + 7*l(u). Calculate k(j).
-9
Let n(l) = -l**3 + 5*l**2 + 6*l + 3. Let t be n(6). Let f(v) be the second derivative of 1/12*v**4 + 1/6*v**t + 0*v**2 + 1/2*v**5 + 0 - v. Calculate f(-1).
-10
Suppose 0*t = 2*t - 8. Suppose x = -i, -4*x - 1 = -t*i - 41. Let l(u) = -u. Calculate l(i).
5
Let o(q) = q**3 - q**2 - q. Let s(n) = -n**3 + 6*n**2 - 3*n - 1. Let y(i) = 2*o(i) + s(i). Let a = -631 + 626. What is y(a)?
-1
Let h(o) = 3*o**2 - 12*o - 10. Suppose -24*x + 20*x - 28 = -2*d, -2 = d + 2*x. Give h(d).
26
Let s(y) = y + 16. Let r be (-10)/4*32/(-20). Suppose -v = r*v. Give s(v).
16
Let m(i) = 3*i**3 - 11*i**2 - 7*i + 6. Let l(b) = 3*b**3 - 9*b**2 - 6*b + 5. Let a(n) = -5*l(n) + 4*m(n). Give a(2).
-17
Let y = -1 - 4. Let h(a) be the second derivative of a**6/360 + a**5/20 - 5*a**4/24 + a**3/3 + 8*a. Let n(w) be the second derivative of h(w). What is n(y)?
-10
Let j(f) = -18*f**3 + f**3 - 2 - 1 + 4. Let i be 7 + (0 - 1)*2. Suppose 3 = i*c + p - 6, -3*p + 8 = -4*c. What is j(c)?
-16
Let k(u) = -7*u - 3. Let q be ((-4)/4 - -4) + 7. Let r be 65/q - (-2)/(-4). Suppose -7*n - r = -4*n. Give k(n).
11
Let v(n) be the third derivative of 0*n**4 + 0 - 1/6*n**3 + 1/10*n**5 + 0*n + 7*n**2. What is v(1)?
5
Let s(r) be the third derivative of -r**7/2520 - r**6/144 - r**5/60 + r**4/24 + 7*r**2. Let c(k) be the second derivative of s(k). What is c(-4)?
2
Let z(w) = -4*w + 45. Let j(b) = b - 11. Let h(p) = -9*j(p) - 2*z(p). Let o be (-3 - -7 - 0) + 3. What is h(o)?
2
Let f(x) = x + 14. Let t(q) = -1. Let i(g) = f(g) + 2*t(g). Give i(-7).
5
Let r(u) = 2 + 0*u**2 - u - u**2 + u - u. Let h(b) = -b**2 - 3*b + 3. Let q be h(0). What is r(q)?
-10
Suppose 5*h - 37 = -12. Let n(t) = 96*t**3 + 19*t - 95*t**3 - 12*t + h + 5*t**2. What is n(-4)?
-7
Let y(b) = -2*b**3 - 22*b**2 - 5*b + 3. Let t(d) = -3*d**3 - 32*d**2 - 7*d + 5. Let v(k) = 5*t(k) - 7*y(k). Give v(-4).
-28
Let h(l) = 2*l - 16*l + 8*l + 0*l + 18 + 5*l. Determine h(17).
1
Suppose -5*s = -2*y - 14, 0 = -4*s + 4*y - y + 7. Suppose -1 = -k - u, -s*k + 0*k + 31 = -5*u. Let t(h) = -h**2 + 6*h - 3. What is t(k)?
5
Let l = -6 - -2. Let u(h) be the first derivative of -h**2 + 403. Give u(l).
8
Let g(u) be the third derivative of u**6/120 - u**5/30 - u**4/24 - 154*u**2. What is g(4)?
28
Let s(r) = -31*r**3 + 42*r**2 + 56*r - 26. Let m(w) = -11*w**3 + 14*w**2 + 19*w - 9. Let c(t) = -17*m(t) + 6*s(t). Give c(-13).
-3
Let d = -13 + 18. Let r be 0 + -1 + 8 + -4. Let p(g) = 0 + 2*g**2 - g**r - 1 + 5*g**2 - 2*g**2. What is p(d)?
-1
Let o(z) = 5*z**2. Let j be o(-1). Let q(k) be the first derivative of 4 + 4/3*k**3 + 7/2*k**2 + 2*k - 1/4*k**4. Give q(j).
12
Let p(o) = 7*o**2 + 0*o**2 - 2*o**2 + 1 - 5 + 13*o. Let s(b) = 14*b**2 + 38*b - 11. Let t(d) = 11*p(d) - 4*s(d). Suppose 159*g - 153*g = -48. Determine t(g).
8
Let h(y) = 6*y**2 - 8*y + 10*y**2 - 7 - 4*y**2 - 13*y**2 + 2. Give h(-7).
2
Let h(j) = j**3 + 4*j**2 + j - 4. Let o(t) = t - 3. Let y be o(0). Let m be h(y). Suppose m*p = 5*p. Let q(z) = z**3 - z**2 - z - 3. Give q(p).
-3
Suppose -t = -1 - 1. Let g(n) = -n**2 + 4*n**2 - 1 - n**t + n. Suppose -10 = -4*d - 6. Calculate g(d).
2
Let s(n) be the second derivative of n**4/12 - n**3 - 5*n**2/2 - 2*n - 6. Let w(x) = -x**3 - x**2. Let p be w(0). Suppose 3*u + 2*u - 20 = p. What is s(u)?
-13
Let y(u) = 4. Let j(k) = k - 1. Let p(i) = -2*j(i) - y(i). Let c be 1 + -3 + 1 + -3. Let w be (-1)/c + (-54)/24. Calculate p(w).
2
Let m(g) = 4*g + 1. Let t(r) = -7*r - 4. Let k(l) = l**2 + 10*l + 15. Let s be k(-8). Let j be t(s). Give m(j).
13
Let s(k) = k**3 - 8*k**2 - 10*k + 8. Let y be 4 + -9 + 7 - -7. Give s(y).
-1
Let r(z) = 354 - 4*z**3 + 5*z - 3*z + 2*z - 352. What is r(-2)?
26
Let r(c) = -c - 3. Let b be (-2)/5 + (-96)/(-40). Suppose -u + b*x - 3 - 1 = 0, u = 5*x - 1. Calculate r(u).
3
Let i(v) be the first derivative of -2*v**2 - 3*v - 154. Give i(-5).
17
Let h(u) = -2*u**2 + u**2 + 5*u**3 - 4*u + 3*u - 1. Let a(p) = -p**2 + 5*p + 83. Let l be a(-7). What is h(l)?
-6
Suppose w - 4 =